pose v + 17 = -2*u, 2*v - 47 = o*u - 0*v. What is the units digit of (u/(-6) + -2)*-8 + 44?
8
Let z = 24218 - -7771. What is the thousands digit of z?
1
Suppose -41 = -9*o + 4. Suppose 7*p - o*p = 16. Suppose -17*l + p*l = -828. What is the units digit of l?
2
Suppose -43*q = -56*q + 5772. Let a = 1005 - q. What is the tens digit of a?
6
Suppose 0 = 2*f - 4*d + 20, 0 = 2*f - d - 2 + 7. Suppose -o = 4*t - 20, 52 = 5*o - 4*t - f*t. What is the units digit of o?
2
Let b(g) = 5*g - 76. Let c be b(11). What is the hundreds digit of c/63*(-1 + -1400)?
4
Let b(h) = -h**2 + 4*h + 7. Suppose 7*r = 3*r + 16. Let y be b(r). Suppose -175 = y*a - 868. What is the units digit of a?
9
Let b = 34077 - 24030. What is the tens digit of b?
4
Let c = 69 - -1. Let m = -65 + c. Suppose 121 = m*k - 109. What is the tens digit of k?
4
Let b be 3/(-3) + 0 - (-29)/29. Suppose b = 47*y - y - 54280. What is the tens digit of y?
8
Let v = 1019 - -3311. What is the units digit of v?
0
Let c = 2248 - -3780. What is the tens digit of c?
2
Suppose 0 = -5*p - 0*p + 4385. Let d = -377 + p. Let l = -317 + d. What is the units digit of l?
3
Suppose 4*m - 52 + 40 = 0, -4*m - 13 = -5*h. Suppose h*q = -3*t + 5464, 4*q + t = 3*t + 4380. What is the tens digit of q?
9
Suppose 4*i + 4*j - 7704 = 8604, -20367 = -5*i - 2*j. What is the tens digit of i?
7
Suppose -752*y + 14326035 = -15574237. What is the units digit of y?
1
Let n(q) = -21*q**3 + 16*q**2 - 6*q - 83. What is the tens digit of n(-7)?
4
Let u(y) = 55*y**2 + 6*y + 26. Let v be u(5). Let q = v - 1008. What is the hundreds digit of q?
4
Let t = -105 + 97. Let p = t - -149. Suppose -2*i + 81 = -p. What is the units digit of i?
1
Let q(l) = -l**3 + 83*l**2 + 1135*l + 65. What is the units digit of q(94)?
9
Suppose 3*q = -2*i + 5*i - 3, 4*i = 2*q - 6. Let n(o) = -3*o - 26. Let j be n(-12). What is the tens digit of (4/j)/(q/(-225))?
1
Let y(l) = 5*l**2 + 55*l - 345. What is the tens digit of y(6)?
6
Let g(i) = 46*i**2 + i + 1. Let y be g(4). Suppose -42*p - y = -45*p. What is the tens digit of p?
4
What is the tens digit of 7201 - 37 - 3*2?
5
Suppose 20 = 5*r, -v - 3*r = r - 7905. Suppose -8*k - 1161 = -v. What is the hundreds digit of k?
8
Let x(n) = 19*n**2 + 673*n. What is the units digit of x(5)?
0
Let b = -10892 - -28129. What is the units digit of b?
7
Suppose 14*j - 4403 = 51*j. What is the units digit of (12 + 340/(-51))*(1 - j)?
0
Let x be 88/(1 + (-5)/7). Suppose -72 + x = i. What is the tens digit of i?
3
Suppose -105*v + 118*v = 282893. What is the tens digit of v?
6
Suppose -4*m = 2*d - 14268, 0*d - 7135 = -d - 3*m. What is the units digit of d?
2
Let t(u) = 2*u**3 + 29*u**2 - 23*u - 12. Let l be t(-15). Suppose -l = 11*n + 13. Let w = n + 51. What is the tens digit of w?
4
Let m(n) = -n**3 + 24*n**2 + 31*n + 5. Suppose 10*t = 7*t + 75. What is the tens digit of m(t)?
5
Let z = 52 - 49. Suppose -1040 + 402 = -3*a - o, -z*a = -o - 628. Suppose 21*c - 22*c + a = 0. What is the tens digit of c?
1
Suppose -5*m + 10 = 0, -b + 4*m = -0*b - 4. Suppose 0*r - 2*r + 6 = 0. Let y = r + b. What is the tens digit of y?
1
Suppose -119*o + 433014 + 2902470 + 340426 = 0. What is the units digit of o?
0
Suppose -5553 - 5649 = -b. What is the ten thousands digit of b?
1
Let d be (-1838)/12 - (-10)/60. Let s = d - -262. What is the tens digit of s?
0
Suppose -14*m - 3*m = 15*m - 248480. What is the hundreds digit of m?
7
Let y(n) = -856746*n + 4*n**2 - 3*n**2 + 856734*n + 37. Let o be (-8)/(1 + (-5)/3). What is the units digit of y(o)?
7
Let w = 6348 + -6146. Suppose 0 = 2*f - 4*f - 280. Let n = f + w. What is the tens digit of n?
6
Let z = 45364 + 42038. What is the ten thousands digit of z?
8
Let c(m) = -18*m + 85. Let y(t) = -t**3 - 11*t**2 - 13*t + 14. Let w be y(-9). What is the tens digit of c(w)?
4
Suppose 652*t = 85*t + 8274231. What is the hundreds digit of t?
5
Suppose 17*j - 17*j - 40670 = -14*j. What is the tens digit of j?
0
Suppose 4*z - v = 457, 3*z + 3*v - 6*v - 336 = 0. Suppose 0*s = 3*b - s - 495, -s = 2*b - 325. Let n = b - z. What is the tens digit of n?
4
Let z be 5*((-1051)/(-40) - (-4)/32). Let o = -128 + z. Suppose -o*y = -7*y - 4*a + 121, 4*y - 151 = 5*a. What is the units digit of y?
9
Let p(u) = -2*u + 49. Let l be p(20). Suppose 0 = -4*b + 21 - l. Suppose x = -5*g + 224, b*g + g - 179 = -x. What is the units digit of g?
5
Let t(a) = -6*a - 49. Let f be t(-9). Suppose -r + 1113 = o, -5575 = -f*o + r + 4*r. What is the thousands digit of o?
1
Let p = -40 - -170. Let z be (-28)/(-10) + 26/p. What is the units digit of (-320)/(-15) + (-1)/z?
1
Suppose 0 = t - 5*t. Let y be (110/6 + 1)*(-183)/(-122). Let a = y - t. What is the units digit of a?
9
Let k = 1100 - 1078. What is the tens digit of k?
2
Suppose 0 = 3*h + 4*p - 16 + 258, -2*h - 5*p - 159 = 0. What is the units digit of 123/h + 717/2?
7
Let o = -36657 + 73064. What is the tens digit of o?
0
Let a(x) = x**3 + 26*x**2 - 89*x - 54. Let w be a(-29). Suppose -3*h + 2*g + 284 = -531, 2*g - 1110 = -w*h. What is the hundreds digit of h?
2
Let j = -39 - -37. Let l be 220/(-12) - (j - 2/(-3)). Let o = 40 - l. What is the units digit of o?
7
Let p(m) = m**3 + 9*m**2 + 11*m - 7. Let w = -48 + 41. Let a be p(w). What is the tens digit of ((-204)/a)/((-1)/7)?
0
Let p = -8660 + 15886. What is the tens digit of p?
2
Let q(v) = 210 + 159*v + 152*v - 324*v. What is the units digit of q(7)?
9
Suppose -4*d + 4 = -4*b, -2*b + b + 5*d = 21. Suppose -2*l = 3*a - 2896, b*l + l = 2*a - 1937. What is the units digit of a?
6
Let z(k) = -k**3 + 8*k**2 + 40*k - 39. What is the units digit of z(-20)?
1
Suppose 11*m - 16999 = 8730. Suppose m = 6*k - 73. What is the hundreds digit of k?
4
Let h = 61 - 62. What is the hundreds digit of (309 - -16) + (h - 2)?
3
Let o = 6112 - -3521. What is the thousands digit of o?
9
Let c(o) = 2*o**2 - 30*o - 96. Let p(q) = 3*q**2 - 32*q - 97. Let g(b) = -4*c(b) + 3*p(b). What is the units digit of g(-40)?
3
Let y = 188 - 364. Let p = 310 - y. What is the units digit of p?
6
Let r(o) = -6*o - 29. Let w(d) = -11*d - 58. Let m(l) = -5*r(l) + 3*w(l). Let g be m(-16). Suppose 3*b - 125 = g. What is the units digit of b?
8
Suppose 0 = 33*i - 58*i - 10600. Let q = i + 605. What is the hundreds digit of q?
1
Let y = 76 - 244. What is the tens digit of ((-117)/(-2))/3*y/(-36)?
9
Suppose 2*z = -6*h + h - 108, -z - 2*h - 54 = 0. Let v = 53 + z. Let s(o) = 113*o**2 + 1. What is the hundreds digit of s(v)?
1
Let w(f) = 536*f**2 + 119*f - 818. What is the ten thousands digit of w(8)?
3
Let h = 196 - 130. Suppose -k + 22*m - 18*m = 12, -2*k + 2*m = 0. Suppose l - k*l = -h. What is the units digit of l?
2
Suppose 8 = -3*d - 3*g - 7, -5*d - 15 = -5*g. Let w be 4/6*(1 + d) - -751. Suppose 0 = -6*o - 149 + w. What is the tens digit of o?
0
Let m be -84*-3*(100/(-36) - -3). What is the hundreds digit of (-1582)/(-5) + 1 - m/140?
3
Let p(a) = 50*a**2 - 15. Let z be p(-8). What is the units digit of z/14*(-1 + 3)?
5
Suppose -t = 3*g - 4, -2*t - t + 4*g + 12 = 0. Let q be 1*(-7)/((-14)/t)*378. Suppose 4*w = d + 1041, d - q = -5*w + 552. What is the hundreds digit of w?
2
Let k(s) = -81*s + 27. Let g be k(-10). Suppose 8*v - 2*v - 24 = 0. Suppose -g = -v*q + 47. What is the hundreds digit of q?
2
Suppose 4*o + 9*o + 1209 = 0. Let g = 230 - o. What is the units digit of g?
3
What is the ten thousands digit of (-8911)/(-14)*21*(-1)/((-1)/2)?
2
Let j(p) = -256*p + 4. Let a be j(1). Let m = -115 - a. Suppose 35 + m = n - 4*f, 674 = 4*n - 2*f. What is the tens digit of n?
6
Suppose -14*m + 8136 = -23*m. Let h = m + 1370. What is the hundreds digit of h?
4
Suppose -4*j = -0*j - 4*u - 160, -2*j - 5*u = -94. What is the hundreds digit of 846 + 1 + j/6?
8
What is the hundreds digit of (-34)/34 - 1301*-8?
4
Let l(r) = -317*r - 759. What is the thousands digit of l(-35)?
0
Suppose -7351465 = -309*k + 4258283. What is the units digit of k?
2
Suppose -330 = 4*h - 2*o, -h - 2*h + 2*o = 250. Suppose -3*k - 4*t = 463, -t - 3*t - 16 = 0. Let w = h - k. What is the units digit of w?
9
Suppose -77728 = -3*h - 5869. Suppose h = 6*y + 11*y. What is the units digit of y?
9
Suppose m = 4*y - 1 - 20, m - y = -12. Let p be m/(-54) - 3382/(-12). Suppose 9*w - 1686 = -p. What is the units digit of